en r is divided by 20?
18
Suppose -4*d + 34 = -3*i - 2*i, -5*i - 22 = -2*d. Suppose d*r + 240 = -0*r. Let z = r - -66. Calculate the remainder when z is divided by 14.
12
Let m(h) = h + 3. What is the remainder when m(6) is divided by 8?
1
Let b(t) = 20*t + 74. What is the remainder when b(12) is divided by 17?
8
Let s(d) be the third derivative of 11*d**5/20 + 5*d**4/24 - d**3/2 + 40*d**2. What is the remainder when 172 is divided by s(1)?
32
Let b = 1 + 16. Suppose g - b + 2 = 0. What is the remainder when (-96)/36*(-33)/2 is divided by g?
14
Suppose -163 + 40 = -3*g. Suppose -3*c + g + 85 = 0. Let n = 67 - c. Calculate the remainder when 49 is divided by n.
24
Let g be 4/(-4) + -17 + -1. Let t = 21 + g. What is the remainder when 7 is divided by t?
1
Suppose 12*o + 560 = 20*o. What is the remainder when 138 is divided by o?
68
Suppose 0 = 85*p - 70*p - 2565. What is the remainder when p is divided by 25?
21
Let j be (-2)/(-8) + (-69)/(-12). What is the remainder when (2 + -68)/((-4)/j) is divided by ((-52)/(-234))/(2/306)?
31
Calculate the remainder when 99 is divided by ((-168)/(-588))/(1/70).
19
Let l = 227 - 201. Calculate the remainder when 102 is divided by l.
24
Let o be ((-5)/2)/(0 + 2/4). Let d(n) = n**3 + 8*n**2 + 13*n + 7. What is the remainder when 81 is divided by d(o)?
13
Let o(j) = 47*j + 3. Suppose -3*t - 2 = -4*u + 3*u, 0 = 4*t + 2*u - 14. Let k be o(t). Let f = 81 - k. What is the remainder when f is divided by 8?
7
Let z(o) = -o**2 - 10*o - 2. Let l be z(-8). Let u = l + -8. Let b(n) = 7*n - 79. Calculate the remainder when b(17) is divided by u.
4
Let s(v) = -21*v + 5. Suppose 26 - 28 = 2*r. What is the remainder when s(r) is divided by 9?
8
Suppose 27 + 18 = 5*n. Suppose 2*s = s + 2*s. Suppose g + 167 = 6*k - k, s = -k + 2*g + 37. Calculate the remainder when k is divided by n.
6
Suppose 4*p = -3*n + 137, 3*p + 37 = n - 0*p. Suppose 3*b + 37 = -2*a, -2*a + 22 = -3*b - a. Let o = b - -24. What is the remainder when n is divided by o?
13
Let i = -30 - -54. Suppose 27 - i = j. Calculate the remainder when 14 is divided by j.
2
Suppose -3*r - r + 312 = 0. Let z be 24/108 + (-47)/9. Let y(u) = 2*u**2 + 4*u - 10. What is the remainder when r is divided by y(z)?
18
Let g = -32 - -32. Suppose g = 4*l - 3*h - 6, 3*l - l - 8 = -h. Calculate the remainder when l is divided by 3.
0
What is the remainder when 1847 is divided by 3/(273/(-14)) + (-5480)/(-130)?
41
Suppose -14508 = -53*r + 14*r. What is the remainder when r is divided by 15?
12
Suppose -3*q = -2*i - 25, 6*i - 5*i - 5 = -q. What is the remainder when 52 is divided by q?
3
Suppose -206*j + 48 = -203*j. What is the remainder when 93 is divided by j?
13
Let z(w) = 478*w**3 - 10*w + 11. What is the remainder when z(1) is divided by 16?
15
Let u = -296 + 335. Suppose 5 = 2*l - 11. What is the remainder when u is divided by l?
7
Let g be -8*1/(4/(-2)). Suppose g*c - 57 = 63. Let h = 877 - 866. Calculate the remainder when c is divided by h.
8
Suppose 0 = 5*u - 9 - 1. Suppose u*q = -4 + 30. What is the remainder when q is divided by 7?
6
Let q = -22 + 24. Let t be (-14 + 14)/(q*-1). Suppose 5*d + t*h + 2*h = 55, 3*h - 15 = 0. What is the remainder when 26 is divided by d?
8
What is the remainder when 91 is divided by (-464)/32*(-2)/1?
4
Let g(k) = 6*k - 3. Let a(z) = -z**3 - 8*z**2 - z - 1. Let u be a(-8). What is the remainder when g(u) is divided by 14?
11
Suppose -4*z = -504 + 476. Calculate the remainder when z is divided by 2.
1
Suppose 0 = 17*l - 6*l - 1584. Calculate the remainder when l is divided by 37.
33
Suppose 0 = -6*w - 14*w + 700. What is the remainder when 202 is divided by w?
27
Let t = 45 - 32. What is the remainder when 18/(-5)*(23/(-3) - -1) is divided by t?
11
Let v = 0 + 2. Suppose 39 = -v*l + 203. Suppose r - 3*r + l = 3*c, -3*c - 59 = -r. Calculate the remainder when r is divided by 12.
11
Suppose -134 = -3*m - 74. What is the remainder when (39/(-2))/(3/(-18)) is divided by m?
17
Let f = -34 - -17. Let d = 29 + f. Calculate the remainder when 21 is divided by d.
9
Suppose 3*y + 164 = 5*n, -3*y + 4*y - 5*n = -68. Let p = 108 + y. Calculate the remainder when p is divided by 16.
12
Suppose -z = -2*z - 1. What is the remainder when 86 is divided by (377/(-26))/(z/2)?
28
Let z(w) = -52*w**3 + 2*w**2 + 3*w - 3. Calculate the remainder when z(-2) is divided by 70.
65
Suppose 18*z - j + 59 = 21*z, 0 = 5*z + j - 97. What is the remainder when 261 is divided by z?
14
Suppose 257 = 6*o + 23. Let j(d) = d**2 - 12*d + 20. What is the remainder when o is divided by j(12)?
19
Suppose 3*n + n + 72 = 0. What is the remainder when (n/(-5))/((-10)/(-75)) is divided by (-1)/(-7) + (-276)/(-28)?
7
Suppose 0 = 6*v + 2*v. Suppose 5*m - 150 = -3*o, 3*m = 3*o - v*m - 150. Calculate the remainder when o is divided by 17.
16
Let d = -330 - -429. What is the remainder when d is divided by 50?
49
Calculate the remainder when 667 is divided by (-36 + (-96)/8)*-2.
91
What is the remainder when 248 is divided by 285/190 - 237/(-2)?
8
Let k = 288 + -114. Calculate the remainder when k is divided by 47.
33
Suppose 0*l + 234 = 3*l + 3*d, -3*d + 310 = 4*l. Let j = -50 - -93. Let u = l - j. What is the remainder when u is divided by 7?
5
Suppose 26*l - 18*l - 1336 = 0. Suppose 110 = 5*y + q - 83, -l = -4*y - 5*q. What is the remainder when 147 is divided by y?
33
Let r(q) = -q**2 - 38*q - 2. What is the remainder when 486 is divided by r(-37)?
31
Let j = 339 + 229. What is the remainder when j is divided by 11?
7
Let q = -13 + 22. Suppose 2*j - m = j + 7, -3*j - m = -25. Suppose -j*z - 8 + 128 = 0. Calculate the remainder when z is divided by q.
6
Let b = -5 - -23. Let t be 9/(-3)*4/(-2). Let a = b - t. Calculate the remainder when 35 is divided by a.
11
Let w = 151 + -110. Calculate the remainder when 131 is divided by w.
8
Let m(j) = 2*j**2 - 4*j - 4. Let b(u) = u**3 - 7*u**2 + 6*u + 8. Let g be b(6). Calculate the remainder when m(g) is divided by 19.
16
Let f(b) = -b**2 + 9*b - 6. What is the remainder when (18/(-42) - 33/(-28)) + 807/12 is divided by f(5)?
12
Suppose 6*j - 25 = j. Suppose 0*g = -j*g. Suppose 2*o - 2*s = 66, g = -4*o - 0*o - 4*s + 100. Calculate the remainder when 113 is divided by o.
26
Let l be (-12)/(-10)*(-100)/(-60). Suppose 0 = -l*a + 14 - 4. Suppose a*r - 385 = -0*r - 5*g, 1 = -g. What is the remainder when r is divided by 20?
18
Let h(j) = 2*j**3 + 19*j**2 + 8*j - 1. Calculate the remainder when 54 is divided by h(-9).
6
Suppose -g = 4*h + 23, 5*g - 2*h = -12 - 15. Let k = -436 + 260. What is the remainder when 9 is divided by 2/g - k/28?
3
Let x(q) = q**3 + 12*q**2 + 17*q + 99. What is the remainder when 64 is divided by x(-11)?
31
What is the remainder when ((-6)/7)/(60/(-7560)) is divided by 11?
9
Let o(t) = 3*t**2 - 35*t + 1. What is the remainder when o(14) is divided by 10?
9
Let s = 4 + -4. Let p(d) = d + 12. Let r be p(s). Suppose 2*t = -0*t + l + 24, -t + 5*l + r = 0. Calculate the remainder when 45 is divided by t.
9
Let h(v) = 5*v**2 - 5*v - 39. Calculate the remainder when 2108 is divided by h(6).
110
Let a(n) = -1 + 4 + 19*n - 23*n + 6. Let h(m) = 6*m + 1. Let y be h(-1). Calculate the remainder when a(y) is divided by 8.
5
Suppose -21 = -5*f - 2*l + 11, 3*f - 8 = -4*l. Let k = -8 + f. Suppose 0 = 4*c - k - 12. What is the remainder when c is divided by 1?
0
Let i = 1991 - 1941. What is the remainder when 127 is divided by i?
27
Let g(b) be the first derivative of 11*b**3 + b**2/2 + 1. Let c = 25 - 8. What is the remainder when g(-1) is divided by c?
15
Let d(u) = 14*u - 50. Let o(t) = 13*t - 49. Let h(s) = -6*d(s) + 7*o(s). Calculate the remainder when h(13) is divided by 5.
3
Let f be (-8)/12 - (-6)/9. Suppose -5*c + 20 = -f*c. Suppose 2*u - 14 = c. Calculate the remainder when 24 is divided by u.
6
Suppose 0 = -0*f - 3*f + 48. Suppose -1622 + 1502 = -4*h. Calculate the remainder when h is divided by f.
14
Suppose 3 = -u - 2. Let y be 2 + u - 0/2. Let a = y - -5. What is the remainder when a is divided by 2?
0
Let x = -31 - -15. Let a = 81 + -50. Calculate the remainder when a is divided by (1 - x/(-12))*-33.
9
Suppose -5*n + 8 = -12. Suppose 3*f - 10 = -y, 4*y - 3*y - f - 30 = 0. What is the remainder when 2/n*(90 - -6) is divided by y?
23